the units digit of (-24 - 0)*r/28?
8
Let c(o) = 2*o**2 + 3*o + 2. What is the units digit of c(-3)?
1
Let v = 4 - -5. Suppose -135 = -12*f + v*f. What is the units digit of f?
5
Let q be (-6)/(-9) + 10/3. Suppose 0 = -w + 2*w - 2*a - 37, q*w = -3*a + 104. What is the tens digit of w?
2
Let s be (-1)/((-2)/(-1 - 1)). Suppose -u = -0*u - 2*j - 15, 3*u - 5*j = 41. Let o = u + s. What is the units digit of o?
6
Suppose 3*o - 59 + 5 = 0. Let c = o - 5. What is the units digit of c?
3
Suppose -5*i + 0 = 35. What is the tens digit of -1 - 2 - 3*i?
1
Suppose -4*a - 153 = -7*a. What is the units digit of a?
1
Suppose -138 = -2*f - 32. What is the units digit of f?
3
Let j be (4 + -2 - -1) + 1. Suppose o + 3*o + j = 0. What is the tens digit of 41/3 + o/(-3)?
1
Let i = 8 - 6. Suppose -5*d - c + 41 = 14, -i*c = -4. What is the units digit of d?
5
Let r = 9 - 5. Suppose -d - 6 = -r*d. What is the units digit of d?
2
Suppose 2*a = 4*a - 50. Suppose 0 = 5*d + 5*n - a, -4*d - 5*n + 10 = -9. What is the units digit of d?
6
Let h be (99/(-44))/(6/(-176)). Let s = h + -40. What is the units digit of s?
6
Let a(b) be the first derivative of b**3/3 - 16*b + 1. Let t be a(0). What is the units digit of (0 + -3)/(6/t)?
8
Let u = -69 + 74. What is the units digit of u?
5
Suppose -2*i + 20 = 2*p, -4*p = -p + 4*i - 35. Suppose -44 - 26 = -p*q. What is the units digit of q?
4
Let o be (3 + -7)*45/(-4). Let z(r) = -r**3 - r**2 + 14*r - 1. Let m be z(4). Let q = o + m. What is the units digit of q?
0
Let h = 0 + 11. What is the tens digit of h?
1
Let j(u) = -2*u + 4. Let t(b) = b - 4. Let s(x) = 4*j(x) + 5*t(x). What is the units digit of s(-7)?
7
Let l(v) = -v**3 - 4*v**2 - 6*v - 3. What is the tens digit of l(-5)?
5
Let t(s) = 13*s**3 + 23*s**2 - 24*s + 12. Let w(n) = -3*n**3 - 6*n**2 + 6*n - 3. Let o(f) = 2*t(f) + 9*w(f). What is the tens digit of o(-9)?
2
What is the units digit of (15/(-6) - -3)*16?
8
Suppose 11 = -2*w + 1. Let h = w - -2. Let j = h + 4. What is the units digit of j?
1
Let n(l) = l**2 + 3*l + 42. What is the tens digit of n(0)?
4
Let t(c) = c**3 + 13*c**2 + 11*c + 5. Let h be 3 - 13 - (0 + 2). What is the tens digit of t(h)?
1
Let p(v) = 138*v**2 + 1. Let t be p(-1). Suppose r = -1, -33 = 5*f + 4*r - t. What is the tens digit of f?
2
Suppose 0 = -r - 1. Let n = 12 + -5. Let q = n + r. What is the units digit of q?
6
Suppose 28 = -4*z + 6*z. What is the units digit of z?
4
Suppose 17 = 4*l + 3*v, -2*l - 16 = -4*l - 4*v. What is the tens digit of -3 + 2 + 19 - l?
1
Suppose 0 = -2*q, 2*j = 4*j + 2*q - 8. What is the units digit of 22/(j/4*2)?
1
Suppose 0 = -0*o + 2*o - 476. What is the tens digit of o?
3
Suppose 0 = 2*i - 2 - 18. Let v = 24 + i. What is the units digit of v?
4
Suppose -50 = -5*i + 80. Suppose -4*h = -5*h + i. What is the tens digit of h?
2
What is the tens digit of (-651)/(-6) + -3 + (-2)/4?
0
Suppose -35 - 50 = 5*w. Let h = w + 36. What is the tens digit of h?
1
Suppose 2*m = 6*m - 8. Let d(y) = y**2 + 4*y - 4. Let p be d(-6). Let l = p - m. What is the units digit of l?
6
Suppose -5*a - 4 = -24. Let m = a - 2. What is the tens digit of (-83)/(-5) + m/5?
1
Let c = 3 + 1. Let p be (1 + 0)*(7 - c). Suppose -p*z - 6 = -24. What is the units digit of z?
6
Let t = 51 + 0. What is the tens digit of t?
5
Let f be 3/(-15) + (-6)/(-5). Let i = 4 + f. What is the units digit of i?
5
Let f = -46 + 31. Let i = f + 30. Let g = -10 + i. What is the units digit of g?
5
Suppose 0 = 3*b + 5*r - 83, -3*b - 4*r + 30 = -2*b. What is the units digit of b?
6
What is the tens digit of 66 - (3 - 1 - 1)?
6
Let a(t) = -t + 5. Let g be a(-8). Let v = g + -3. What is the units digit of v?
0
Suppose 3*j + 4*x + 19 = 0, 3*j - 4*x = -3*x - 29. What is the units digit of (-136)/6*j/6?
4
Suppose 15 = o + 4*o. Suppose -3*t + o*v - 12 = 0, -3*t + 2 - 4 = -v. What is the units digit of t?
1
Let j be 1/3 + (-11)/(-3). Let o = -2 + j. Suppose 36 = -o*z + 6*z. What is the units digit of z?
9
Let n(b) = b**2 + 3*b - 10. Let a be n(-10). Let y = 94 - a. What is the units digit of y?
4
Let z(p) = 6*p**2 + 2*p - 4. Let w(h) = h**2 + h - 1. Let x(g) = -5*w(g) + z(g). What is the units digit of x(3)?
1
Let p(w) = w**2 + w - 52. Let t be p(0). Let r = t + 98. What is the tens digit of r?
4
Suppose 10 = -s + 6*s. Let k = s - 0. Suppose 2 = 4*u - k. What is the units digit of u?
1
Let p be -1 - (1 + -2*1). Let u be 4 + p + -1 + 0. Suppose 0 = -0*t - u*t + 18. What is the units digit of t?
6
Let q(k) = k + 14. What is the units digit of q(-6)?
8
Let z = 15 + -12. Suppose z*b = b + 20. What is the tens digit of b?
1
What is the tens digit of 1366/14 - 8/14?
9
What is the units digit of (-3 + (-8)/(-3 + 1))*268?
8
Suppose 2*f - 2*b + 38 = 0, -3*f = 3*b - b + 72. What is the units digit of (-5)/(5/f) - 2?
0
Suppose 0 = -7*v + 5*v. Suppose -a + 2*j + 37 = v, 122 = 4*a - 5*j - 26. What is the units digit of a?
7
Let s = 90 - 53. What is the units digit of s?
7
Suppose 2*m + 0*p + 2*p = -22, -4*p = 5*m + 50. Let s(i) = 16*i - 1. Let o be s(1). Let c = o + m. What is the units digit of c?
9
Let v be (-4)/10 + 216/15. Suppose v = -c + 2*c. What is the tens digit of c?
1
Let z(v) = 2*v**2 - 3*v - 7. Let j(k) = -k**2 + k + 4. Let h(x) = -13*j(x) - 6*z(x). What is the units digit of h(-9)?
6
Let o = 0 + 52. What is the tens digit of o?
5
Let f(d) = -8*d**3 + 4*d**2 + d + 2. Let z(u) = -17*u**3 + 9*u**2 + 2*u + 5. Let k(w) = -7*f(w) + 3*z(w). What is the units digit of k(1)?
4
Let h(x) = -x + 2. Let k be h(11). Let z = k - -32. What is the units digit of z?
3
Let g(q) = 18*q - 4. What is the tens digit of g(2)?
3
Let o(j) = j + 3. Let r be 3/((7/(-2))/(-7)). What is the units digit of o(r)?
9
Suppose 2*m - m + 7 = 0. What is the units digit of (-79)/(-2) - m/14?
0
Let n be 4/6 + 49/3. Suppose -d - 3*w + n = -3, -w + 20 = 3*d. Suppose 0 = -5*o + d. What is the units digit of o?
1
What is the units digit of 3*((712/(-12))/(-2) - -1)?
2
Let y(o) = -o - 4. Let g be y(-6). Suppose g*i - 48 = -2*c, 5*c - 56 - 66 = -4*i. What is the tens digit of c?
2
What is the units digit of (-6)/(11 - 5) - (-364)/2?
1
Suppose -4*a = 2*b - 0*a - 16, -4*a = 3*b - 14. Let j be (-2 - 13) + (-2)/b. Let k = j - -28. What is the tens digit of k?
1
Suppose 4*m - 30 - 34 = 0. Suppose m*i - 14*i = 76. What is the tens digit of i?
3
Let f = -8 + -1. Let d(z) = z**3 + 10*z**2 + 8*z - 7. What is the units digit of d(f)?
2
Suppose 3*f - 3*s = 18, -6*s + 6 = -4*s. What is the units digit of f?
9
Suppose -5*c + 125 = m, 2*c + 0*c = m - 139. What is the units digit of m?
5
Let i(o) = -o**3 + 5*o**2 + 2*o - 1. What is the units digit of i(5)?
9
Let d(s) = s**2 + 7*s - 9. Suppose -2 = c - 8. Let r = c + -15. What is the units digit of d(r)?
9
Let u(b) = -3*b**3 - 1 - 4*b**3 + 0. Let s = 4 - 5. What is the units digit of u(s)?
6
Let n(w) = w**3 + 10*w**2 + 9*w + 10. Let u = -13 - -4. What is the tens digit of n(u)?
1
Suppose 4 = -2*p + 4*x, -p - 6 = p - 5*x. Suppose -3*t + 87 = p*v + v, -2*v - 78 = -2*t. What is the tens digit of t?
3
Suppose -5*z = 2*i - 16, 2*i = -3*i + 4*z + 7. What is the units digit of i?
3
Let j(i) = i**3 - 2 + 1 - 4*i + 8*i**2 - 6*i. What is the units digit of j(-9)?
8
Let a(l) = -l**2 - 15*l - 5. What is the tens digit of a(-12)?
3
Let u(r) = -r + 1. Let v(b) = -b**2 + b - 4. Let z(q) = -2*u(q) - v(q). Let h be z(-3). What is the units digit of h + (-1 - -1)/3?
8
Let p be -37 + 1 + 15/(-5). Let y = p + 70. What is the tens digit of y?
3
Suppose -226 = -4*f + 2*t, -2*f - 2*t = -7*t - 109. What is the units digit of f?
7
Let m = 56 + -35. Suppose -7*f + 105 = -m. What is the units digit of f?
8
Let p = 44 + -30. Suppose i - 4*v = p, -4*i + v + v = -42. What is the units digit of i?
0
Let g = 63 + 37. What is the tens digit of g?
0
Suppose v + 3 - 6 = 0. Suppose q = v*q - 28. What is the tens digit of q?
1
Suppose 0 = 2*x + x - 12. Let n = -2 - x. Let q = 13 + n. What is the units digit of q?
7
Suppose -61 - 20 = -q. What is the units digit of q?
1
Let f = -1 - -5. Let v(g) = -g**3 + 5*g**2 - g + 3. Let t be v(f). Suppose -5*c + t = -20. What is the units digit of c?
7
Suppose 2*k + 9 = 5*k. Suppose -4*j - 1 + 13 = 0, 4*y - 100 = 4*j. Suppose 0 = -k*s - s + y. What is the units digit of s?
7
Let y = 59 + -3